 Let c be ((j/12)/1)/(2/16). What is the remainder when c/(-9) - 1966/(-18) is divided by 28?
25
Let h = 5155 + -4984. Calculate the remainder when 801 is divided by h.
117
Let c = -50 - -51. What is the remainder when c - 1 - 102/(-6) is divided by 3?
2
Suppose -21*m = 3305 - 8450. What is the remainder when (441/m)/((-2)/(-230)) is divided by 52?
51
Calculate the remainder when 922 is divided by (-4 - -231) + -2 - 140/(-28).
2
Suppose -29*n + 454 = -590. What is the remainder when n is divided by 3?
0
Suppose -581 + 746 = 15*s. What is the remainder when 1858 is divided by s?
10
Let a(j) = -2*j**2 - 102*j - 1255. What is the remainder when 1170 is divided by a(-22)?
15
Let h(f) = 14*f**3 + 2*f**2 + 8*f - 50. What is the remainder when h(7) is divided by 613?
2
Suppose 120 = -0*z + 12*z. What is the remainder when 50 is divided by (3/(-3) + 21)*16/z?
18
Suppose 3*k - 67 = -25. Let i = -10 + k. Let c(x) = -x**3 + 3*x**2 + 6*x - 3. Calculate the remainder when 17 is divided by c(i).
2
Suppose u + 50 = -3*b - 33, -3*u - 15 = 0. What is the remainder when (2 - b/4)/((-7)/(-84)) is divided by 35?
32
Suppose 0 = -20*c - 64 + 344. Let t = c - -19. Calculate the remainder when 57 is divided by t.
24
Let t(m) = 89 + 168 + 24*m - 23*m - 16*m. What is the remainder when t(15) is divided by 11?
10
Let o(l) = l + 23. Let a be o(18). Suppose 114 = -a*y + 1713. Suppose b + 6 = 27. What is the remainder when y is divided by b?
18
Suppose 108 = 11*b - 7*b. Let v be (1/(-2))/(8/400). Let u = b - v. What is the remainder when u is divided by 20?
12
Calculate the remainder when 1/(15 + (-24474)/1632) is divided by 70.
62
Let k = -27029 - -27040. Calculate the remainder when (2/4)/((-1)/(-168)) is divided by k.
7
Let c(q) = 15*q + 0*q**2 + 3*q**2 - 4*q**2 - 11 + 15*q. What is the remainder when c(14) is divided by 44?
37
Let j be -61*2*(-1)/2. Let m be 6 - (-20 + -15 + (0 - -1)). Let b = j - m. What is the remainder when 40 is divided by b?
19
Let y(n) = -n**3 - 5*n**2 + n + 10. Let k be y(-5). Let u be 264/60 - (-3)/k. Suppose -v - u = -14. What is the remainder when 16 is divided by v?
7
Let g(i) = 5*i**3 + 6*i**2 + 7*i + 15. Let r be g(-6). Let o = -811 - r. What is the remainder when 717 is divided by o?
77
Suppose 0*r + i + 761 = 4*r, -r - 3*i = -200. Let k = r + -69. Calculate the remainder when k is divided by 62.
60
Let r be 4/2*(1 - 55/(-10)). Suppose -3*s = -r*s + 20. Suppose 4*c = -x + 143, -5*c = -s*c + 3*x - 96. What is the remainder when c is divided by 2?
1
Suppose -31 = 2*o - 51. Let k be o/(-60) + 86/12. Suppose -53 = k*b - 1026. Calculate the remainder when b is divided by 47.
45
Let r(z) = z**3 - z**2 + 13*z + 203. Calculate the remainder when r(0) is divided by 55.
38
Let u = -25368 + 26056. What is the remainder when u is divided by 127?
53
Suppose 0 = 30*f - 309804 - 19806. What is the remainder when f is divided by 157?
154
Suppose -1165*n + 1162*n = 2*l - 148, 2*l = n + 148. Calculate the remainder when 1105 is divided by l.
69
Calculate the remainder when (-456)/(-380)*1310/2 is divided by 65.
6
Suppose -30 = 5*r, -5*j + 3*r + 126 = -197. Calculate the remainder when 853 is divided by j.
60
Let x(j) = -j**2 + 7*j + 34. What is the remainder when 73 is divided by x(4)?
27
Suppose -119*x - 28*x = -67326. Calculate the remainder when x is divided by 17.
16
Calculate the remainder when 690 is divided by 220/66*((-3384)/(-15))/4.
126
Let h(s) = -3*s - 42. Let w be h(-15). Suppose 2*y + w*m = -y + 165, 177 = 3*y - m. Let k = 51 + -21. What is the remainder when y is divided by k?
28
Let g(n) = 4*n**2 + 40*n + 1. Let v be g(-10). What is the remainder when 50 is divided by 5/(25/2)*35/v?
8
Let s(h) = 6*h**2 - 178*h + 1177. Calculate the remainder when s(57) is divided by 4.
1
Let k = 59 - 41. Suppose -8*m - 98 = -482. Let h = m - 20. What is the remainder when h is divided by k?
10
Let v = -4827 + 16747. Suppose -19*t + v = -27*t. Calculate the remainder when (-5)/15 - t/15 is divided by 20.
19
Let l = -2826 - -2959. Calculate the remainder when 551 is divided by l.
19
Let q(z) = -11*z - 162. Let b be q(0). Let g = -95 - b. What is the remainder when g is divided by 12?
7
Let h(x) = 2*x - 7. Let y be h(8). Suppose 0 = 2*k + 1 - y. Suppose 5*s = -c - c + 72, c = 5*s - 69. Calculate the remainder when s is divided by k.
2
Let a be -6 - (-1)/(-2)*-4. Let n be -53*(-3 - a) - (-6)/2. Let k = n - -53. Calculate the remainder when 3 is divided by k.
0
Let v(n) = 11*n - 39. Let u be v(9). Let r = 118 - u. Calculate the remainder when 173 is divided by r.
57
Suppose 5*f - 184 + 4 = -5*z, z - 30 = 2*f. What is the remainder when 2888 is divided by z?
32
Let i(r) = r**2 + 3*r - 40. Let h be i(-9). Let t(x) = x**2 + 5*x - 22. What is the remainder when t(h) is divided by 50?
44
Let m = 38078 + -37586. Calculate the remainder when m is divided by 116.
28
Suppose 0*h + 4*z = 3*h - 126, -155 = -4*h + z. Let g(u) = -30 - 2*u - 32 + 62. What is the remainder when h is divided by g(-5)?
8
Let k = 40 + -34. Let v(g) = 5*g**2 - 26*g - 3. Calculate the remainder when v(k) is divided by 3.
0
Let y = -2127 - -2202. Calculate the remainder when y is divided by 48.
27
Suppose -3*k + 6 = -6*k. Let u = -2 - k. Calculate the remainder when 72 is divided by 4/((-16)/(-60)) + u.
12
Let t(b) = 2*b**3 + 4*b**2 - 7*b - 3. Let f be t(-3). Suppose f = 14*m - 5*m + 72. Let v = m + 165. Calculate the remainder when v is divided by 32.
29
Let k(x) = 13*x**2 - 21*x - 6. Calculate the remainder when 265 is divided by k(3).
25
Let x(n) = n**2 + 10*n + 27. Let y be x(-8). Suppose y*i - 205 = 202. Calculate the remainder when i is divided by 27.
10
Let p(f) = 153*f - 77. Let r be p(2). Suppose 228*q - r*q + 32 = 0. Calculate the remainder when 160 is divided by q.
0
Let f = 689 - 685. Suppose -5*r + 406 = f*o, -2*o = r - 134 - 66. What is the remainder when 195 is divided by o?
96
Let g = 2620 - 2568. What is the remainder when 1505 is divided by g?
49
Suppose 3448 = 5*g + 1168. Suppose -15*j = 4*j - g. Calculate the remainder when 70 is divided by j.
22
Suppose 0*n - 3*n + 33 = 0. Let s = 769 + -761. Suppose -s*q - 78 = -222. Calculate the remainder when q is divided by n.
7
Suppose u - 90 = -3*x, -5*x = -5*u + 10*u - 460. Calculate the remainder when u is divided by 89.
4
Let a(u) be the first derivative of 19*u**3/3 + 2*u**2 + 3*u - 55. What is the remainder when 34 is divided by a(-1)?
16
What is the remainder when 96 is divided by (-1 - 4)/((-43)/301)?
26
Let o = -45 + 73. Let t be 12 + -8 - (1 + -220). Suppose q - 277 = -5*u, t = 4*u + 5*q - 7. Calculate the remainder when u is divided by o.
27
Let m = -71 - -76. Suppose 3*h - m*h + 2*u + 120 = 0, -4*u = 4*h - 256. Calculate the remainder when h is divided by 18.
8
Suppose -10*a + 787 = 217. Calculate the remainder when (9/(-6) - 0)/(a/(-2356)) is divided by 21.
20
Suppose h - 2*h - 5*l - 320 = 0, -5*l + 715 = -2*h. Let b = h - -372. Calculate the remainder when 107 is divided by b.
26
Let g = -55710 - -55861. Suppose q - 3*q = -n + 38, -3*n + 3*q + 120 = 0. Calculate the remainder when g is divided by n.
25
Suppose 2*y + 4*j = 2154, -6*y - 1053 = -7*y - 6*j. What is the remainder when y is divided by 42?
39
Suppose -3*g + 2*p + 26 = 3*p, 38 = 5*g + 3*p. What is the remainder when 76 is divided by g?
6
Let g = -133 - 110. Let y = g - -422. What is the remainder when y is divided by 60?
59
Let w = -280 + 296. Suppose -12*z + w*z = 48. Calculate the remainder when 251 is divided by z.
11
Let k = -29279 + 37744. Calculate the remainder when k is divided by 51.
50
Suppose -k - 8 = -15. Let z(q) = -k - 21 - q + 53 + 76. What is the remainder when z(0) is divided by 21?
17
Let z = -1334 + 1410. Calculate the remainder when z is divided by 63.
13
Calculate the remainder when (-3 + (-12)/(-20))/(12/(-1760)*1) is divided by 177.
175
Suppose -32 = 7*u - 32. Suppose 2*z + 3*p - 136 = 4*p, u = 2*z - 3*p - 136. What is the remainder when z is divided by 23?
22
Let k(w) = 13 - 202*w**3 + 101*w**3 - 59*w + 102*w**3 - 17*w**2. What is the remainder when 98 is divided by k(20)?
32
Let x(q) = -q**3 - q**2 + 99. Let w = -34494 + 34515. What is the remainder when x(0) is divided by w?
15
Let z(t) = 2*t**2 - 6*t + 3. Let a(d) = 4*d. Let p be a(1).